Let i be s(k). Let c(o) = o**3 - 5*o**2 - 3*o. What is the units digit of c(i)?
8
Let n(a) = 3*a**2 + 7*a - 8. Suppose 19*y - 18*y - 5 = 0. What is the tens digit of n(y)?
0
Let q be ((-68)/6)/(6/(-18)). Suppose -2*j + 5*o + q = 0, o + 17 = 2*j - j. What is the tens digit of j?
1
Suppose 9*w - 3224 = 2113. What is the hundreds digit of w?
5
Let g(m) = 3*m**3 + m**2 - 8*m + 2384. What is the units digit of g(0)?
4
Let t be (3/2)/(-12*(-1)/16). Suppose 114 = r + 2*o, t*o + 559 = 5*r + o. What is the tens digit of r?
1
Let n be (-21675)/(-100) - (-2)/8*1. Suppose -3*h + 4*c = h - 420, 2*h = -5*c + n. What is the units digit of h?
6
Suppose 7*g + 18 + 220 = 0. Let d = g - -49. Suppose 2*u = -3*m + 33, -5*u - d = 5*m - 75. What is the units digit of m?
9
Suppose -5*i + 7376 = 4*c - 9*i, -4*c = 3*i - 7390. What is the thousands digit of c?
1
Let r(g) = 4*g**2 - 2*g. Let v be r(2). Suppose v*h - 14*h + 130 = 0. What is the units digit of h?
5
Suppose 2*z - 388 = 4*d + 4*z, 3*z = d + 97. Let s = -57 - d. What is the tens digit of s?
4
Let n(r) = r**3 - 3*r**2 - 19*r - 9. Let h(q) = 2*q**3 - 5*q**2 - 38*q - 18. Let j(t) = -6*h(t) + 11*n(t). What is the units digit of j(-9)?
4
Let h(p) = p**3 - 2*p**2 - 2*p - 2. Let c be h(4). Let x = 13 - c. What is the units digit of (-6)/(-27) + (-106)/x?
2
Suppose 12 = i + 6. What is the tens digit of (15/4)/(i/128)?
8
Suppose 0 = q - 21 - 129. What is the tens digit of q?
5
Let p(s) = -3*s + 38. Let a be p(13). What is the tens digit of a - (-1 - (-1 + 66 - 1))?
6
Let n be (-36)/(-8) + (-6)/4. Let r(l) = n*l - 4*l - 1 - 7*l + l**2. What is the units digit of r(9)?
8
Let o = -17 - -29. Let c be (-51)/o - 6/8. What is the tens digit of (2/c)/((-2)/120)?
2
Let z = -264 + 650. What is the hundreds digit of z?
3
Suppose 0*n - 2*n + 10 = 0. Suppose -3*k = -n*g + 2*k + 210, 4*k - 20 = 0. Suppose 3*a - g - 7 = 0. What is the tens digit of a?
1
Let k(h) = h**3 + 14*h**2 - 4*h + 17. Let v be k(-13). What is the tens digit of 20 + -16 - 3/((-6)/v)?
2
Suppose -o = -2*o + 3. What is the units digit of (22/o - 4)*15?
0
Let f be (45 + 0/3)*1. Suppose 5*k - f = 200. What is the tens digit of k?
4
Suppose -2*t - 887 = -4*o - 3*t, 5*o = 2*t + 1112. Suppose o - 55 = h. What is the units digit of h?
7
Let o = 854 + -488. Suppose -f = 5*f + o. Let x = -8 - f. What is the units digit of x?
3
Let x be 32/4*(3 - (-5)/(-2)). What is the units digit of (6 - 345/(-27)) + x/18?
9
Let v(r) = -2*r**2 - 13*r + 2. Let u be v(-8). Let k = -18 - u. Suppose 5*w = -5*l + 345, l + 339 = w + k*w. What is the tens digit of w?
6
Let i(j) = -j**2 - 8*j - 4. Let f = 28 + -36. Let v be i(f). What is the tens digit of (6 - 2)*-2*v?
3
Let y = 1682 + -961. Suppose -3*p - 5 = -2, -3*q - 2*p = -y. What is the units digit of q?
1
Let b be 1/(-3) - (-13)/3. Suppose -4*p + 2*o = -1088, -3*p - b*o = 2*p - 1347. What is the units digit of p?
1
Let y(w) = w**2 + 3*w - 2. Let i be y(9). Suppose -i + 10 = 2*h. Let o = h - -80. What is the units digit of o?
2
Suppose -s + 5*s = -16. Let y be (s/1)/((-11)/(-22)). Let z = y - -27. What is the units digit of z?
9
Let u = -10 + 11. Suppose y - 14 = u. Suppose 2*i = y + 87. What is the tens digit of i?
5
Suppose -q = 4*z - 291, 4*z + 0*z - 285 = q. Suppose 0*m = 5*g - m - 144, 4*m + z = 2*g. What is the units digit of g?
8
Let n = 8 - 13. Let w(u) = u**3 + 5*u**2 - 3*u - 4. Let s be w(n). Let m = s + 20. What is the units digit of m?
1
Let o = 34 - 30. What is the tens digit of 2/o - (-165)/10?
1
Let r(y) = -15*y + 7. Let n be 141/(-45) + 2/15. Let w be r(n). Suppose s = 2*s - w. What is the tens digit of s?
5
What is the hundreds digit of (-169763)/(-484)*(0 - -4)?
4
Let f(y) = y**3 - 12*y**2 + 26*y + 11. What is the hundreds digit of f(12)?
3
Let w(p) = -45*p - 37. Let a be w(-9). Suppose 2*l - a = -2*l. What is the units digit of l?
2
Let a(x) = x**3 + 6*x**2 - 10*x - 9. Let h be a(-7). Let k = h + -8. Suppose -3*f + 4*f - k = 0. What is the units digit of f?
4
Let f(v) = -v**2 - 45*v + 20. What is the hundreds digit of f(-28)?
4
Let o(n) = 4*n**2 - 5*n - 8. Suppose -t - 3*q = -6, -4*q + 0*q = 4*t + 8. What is the hundreds digit of o(t)?
1
Let b = -23 - -25. Suppose -4*f + 526 = -2*n + 172, -b*f = -4*n - 186. What is the tens digit of f?
8
Let y(h) = 19 - 14 - h**2 + 0*h**2 - 11*h - h. What is the units digit of y(-12)?
5
Suppose 4*f - 39 = 5. Suppose -13*c + f*c = -10. Suppose i + 49 = 5*q - 0*i, 29 = q - c*i. What is the units digit of q?
9
Let i(v) = -11*v**2 + 4*v - 3. Let o(u) = -u**2 + 1. Let n(p) = -i(p) + 4*o(p). What is the hundreds digit of n(4)?
1
Suppose 30 = 6*p - p. Suppose 11*f - p*f - 20 = 0. What is the units digit of f?
4
Let y = 35 + 35. Let z = y + -42. Suppose 2*i + 69 = 5*f, 0 = 2*f - 0*i - i - z. What is the units digit of f?
3
Suppose -s - h = 432, 0 = 3*s + 5*h + 1408 - 122. Let z = 621 + s. What is the tens digit of z?
8
Suppose 5*y + 709 = -0*v + 3*v, -2*y = -v + 283. Let p = -89 - y. What is the units digit of p?
1
Let q(u) = -u**3 - 2*u**2 - u. Let z be q(-1). Suppose -2*k + 4 + 4 = z. Suppose 2*a = 3*a + 4, 0 = -k*x + a + 160. What is the tens digit of x?
3
Let z be (-184)/(-48) + 1/6. Suppose -4*h - z*v - 84 = 0, -2*h + 4*v - 33 = 39. Let d = h + 50. What is the tens digit of d?
2
Let o(k) = -15*k - 4. Let d be o(-1). Suppose 4 = 5*a - d, 3*q - 234 = -5*a. What is the units digit of q?
3
Let n(h) = -7*h - 3. Let p be n(2). Let w(t) = -16*t**2 - 6 - t**3 + 14*t + 6 + 5. What is the tens digit of w(p)?
5
Let s(n) = 3*n - 7. Let g be s(3). Suppose -3*c = r - 38, g*r = -c + 4*c - 32. Let f = c - -16. What is the tens digit of f?
2
Suppose 0 = -4*i - 2*i + 300. Suppose -2*p + 4 = -2*s, -7 = -p - 3*p + 5*s. Suppose -2*q = 5*v - 35, -p*q - 2*q + i = 5*v. What is the units digit of v?
5
Let f(q) = 2*q**2 + 23*q + 7. Let m(r) = r**2 + 23*r + 6. Let d(j) = 3*f(j) - 4*m(j). What is the tens digit of d(-5)?
6
What is the tens digit of 5/(-10) + (-65107)/(-14) + -7?
4
Let t(g) = g**2 - g + 5. Let d be t(0). Suppose -f = -3*c - 4*f + 402, -d*f = -c + 128. What is the units digit of c?
3
Let p = -11 - -11. Suppose p = 3*u + 87 + 69. What is the units digit of (-4)/(-6) + u/(-3)?
8
Let p be (50/20)/(1/(-2))*-1. What is the units digit of (-109)/(-8 + p + (-10)/(-4))?
8
Suppose -24 + 49 = -5*d. What is the units digit of 1*44*10/(-25)*d?
8
Let w(c) = 34*c**3 - 2*c**2 + 1. Let n(k) = -171*k**3 + 11*k**2 + k - 5. Let m(h) = -2*n(h) - 11*w(h). What is the tens digit of m(-1)?
3
Let h = -724 + 1147. Let d = -290 + h. What is the hundreds digit of d?
1
Let s(u) = 8*u**2 + 3 - u**2 - 10*u + 4*u**2 - u**3 + 2*u**2. Let p be s(12). Let i = p + -7. What is the units digit of i?
0
Suppose 0 = -m - 5*t + 88, 2*t + 440 = 5*m + t. Suppose -m = -4*j - 304. Let q = 83 + j. What is the tens digit of q?
2
Let s(b) = b**2 + 6*b + 3. Let l be s(-6). Suppose 0 = -i - l*i - 444. Let f = i + 187. What is the units digit of f?
6
Suppose 0 = -5*a - 2*s + 8, -s = -6*s - 5. Let d be 1 + a + 2 + 49. Let c = d + -32. What is the units digit of c?
2
Let o(g) be the second derivative of -4*g**3 + 2*g. Let u be o(-5). Suppose 0 = -0*f - 4*f + 4*j + u, 4*f + 3*j - 92 = 0. What is the units digit of f?
6
Let j(g) = -g**3 + 11*g**2 + 13*g - 2. Suppose 10 = 2*c, 3*p - 2*c + 3 = 5. Let f(r) = -r**3 + 5*r**2 - 4. Let s be f(p). What is the units digit of j(s)?
0
Let n be ((-42)/12)/((-1)/30). Let b = n + -39. What is the units digit of b?
6
Let q(b) = -b**3 + 42*b**2 - 78*b - 41. What is the thousands digit of q(39)?
1
Suppose 8*l = l + 35. Suppose 3*k - 542 = -y, l*k - 4*y - 900 = -5*y. What is the units digit of k?
9
Let g be (-1 - -2)*-1 + -46 + -7. What is the units digit of (-7)/(-2) + (-4)/8 - g?
7
Suppose 38 = c - 26. Let s(l) = -l**2 - 5*l - 3. Let p be s(-3). Suppose -c = -p*u + 41. What is the tens digit of u?
3
Let n be -1 + (-1801)/(-3) + (-14)/(-21). Suppose -4*g + 5*i + n = -0*g, i = 5*g - 771. What is the tens digit of g?
5
Let j(c) = c**3 + 9*c**2 + 4*c - 2. Let o be j(-8). Suppose o = p - 4*q + q, -5*p + 120 = -5*q. What is the units digit of p?
1
Let d(s) be the third derivative of s**4 - 1/6*s**3 - 6*s**2 + 0*s + 0. What is the units digit of d(1)?
3
Let k(m) = -m**3 - 9*m**2 - 15*m - 15. Let f be k(-7). What is the hundr